5. Give y(2).
7
Let x(b) = 219*b + 45367. What is x(-212)?
-1061
Let n(y) = -24298*y + 3158740. Calculate n(130).
0
Let d(n) = -6626*n - 32970. Give d(-5).
160
Let f(s) = -1868*s - 9374. Calculate f(-5).
-34
Let k(z) = -z**3 - 34*z**2 - 264*z - 996. What is k(-25)?
-21
Let j(c) = 9*c**2 + 4307*c - 17372. Give j(4).
0
Let v(t) = -2*t**3 + 21*t**2 - 90*t + 504. Determine v(9).
-63
Let g(d) = -2*d**3 + 54*d**2 - 302*d + 466. Give g(20).
26
Let v(g) = -111*g + 15254. Give v(140).
-286
Let l(p) = p**3 + 45*p**2 - 183*p - 4133. Calculate l(-47).
50
Let f(z) = 20*z**2 + 1066*z + 7470. Give f(-45).
0
Let y(p) = -2*p**3 + 104*p**2 - 74*p - 1441. Determine y(51).
-13
Let x(g) = 2*g**3 - 2*g**2 - g - 4. Give x(4).
88
Let t(j) = 2*j**3 + 13*j**2 - 478*j + 11200. What is t(-25)?
25
Let u(w) = 2*w**3 + 191*w**2 - 120*w + 36264. What is u(-98)?
4
Let d(m) = 5*m**2 + 201*m - 830. Determine d(-44).
6
Let y(u) = 32082*u + 13955674. What is y(-435)?
4
Let f(s) = s**2 + 282*s - 950. Give f(0).
-950
Let c(s) = -s**3 - 36*s**2 - 206*s + 1073. Give c(-27).
74
Let z(u) = -15*u**3 - 40*u**2 + 2541*u + 7575. Determine z(-3).
-3
Let m(j) = -3*j**3 - 222*j**2 - 8*j - 134. What is m(-74)?
458
Let l(k) = -656747*k - 17075441. Give l(-26).
-19
Let o(j) = -13*j + 755. Determine o(11).
612
Let r(v) = 37045*v + 2593193. Determine r(-70).
43
Let p(t) = t**3 + 173*t**2 - 233*t + 20507. Calculate p(-175).
32
Let s(i) = -i**3 + 285*i**2 - 1974*i + 6995. Calculate s(278).
-789
Let n(k) = 294*k - 22551. What is n(75)?
-501
Let g(x) = -34671*x - 242795. Calculate g(-7).
-98
Let s(j) = -14*j**3 + 37*j**2 - 202*j + 194. Give s(4).
-918
Let c(r) = r**3 - 1306*r**2 - 9049*r + 1070. Calculate c(-7).
76
Let g(p) = -p**3 + 22*p**2 + 739*p - 5043. What is g(-22)?
-5
Let s(p) = 3*p**3 + 1096*p**2 - 1839*p - 1474. What is s(-367)?
-6
Let c(s) = -3*s**3 + 258*s**2 - 68*s + 5486. Give c(86).
-362
Let i(j) = 6*j**2 + 1085*j + 4270. Determine i(-4).
26
Let c(x) = 1553*x + 4653. What is c(-3)?
-6
Let h(b) = -b**3 + 70*b**2 - 1866*b + 100099. What is h(65)?
-66
Let r(h) = 70062*h + 1120987. Calculate r(-16).
-5
Let g(m) = -m**3 + 103*m**2 - 2*m + 195. What is g(103)?
-11
Let t(b) = b**3 + 688*b**2 - 1308*b + 49644. Calculate t(-690).
-36
Let a(v) = -v**3 + 22*v**2 - 16*v - 8. Calculate a(0).
-8
Let h(f) = f**2 + 5851*f - 318882. What is h(54)?
-12
Let f(z) = -1536*z - 17002. Calculate f(-11).
-106
Let b(v) = 83*v**2 - 40*v - 101. Give b(-7).
4246
Let p(t) = -t**2 + 42216*t - 295462. Calculate p(7).
1
Let t(n) = -53368*n - 1013999. Calculate t(-19).
-7
Let m(o) = -31*o**2 - 3697*o - 790. Give m(-119).
162
Let b(y) = 10287*y - 1769432. What is b(172)?
-68
Let f(j) = 445*j - 5284. Calculate f(10).
-834
Let n(k) = -375047*k + 4125546. What is n(11)?
29
Let n(x) = -x**3 + 275*x**2 + 360*x - 23174. Give n(276).
10
Let f(u) = 34247*u - 376752. Determine f(11).
-35
Let w(r) = r**2 + 139*r + 3398. What is w(-104)?
-242
Let i(v) = v**2 - 4466*v - 212108. Give i(-47).
3
Let l(f) = -36*f**2 - 821*f - 323. Give l(-23).
-484
Let p(z) = -473*z - 1743. Give p(-4).
149
Let t(d) = -2*d**2 - 83*d + 1021. What is t(-52)?
-71
Let b(u) = -964*u - 24010. Calculate b(-24).
-874
Let t(z) = -4*z**2 + 2089*z - 106094. Determine t(57).
-17
Let s(t) = -7760*t - 333629. Give s(-43).
51
Let g(i) = -i**3 + 10*i**2 + 734*i - 10271. What is g(14)?
-779
Let m(l) = -62*l - 10150. Give m(-164).
18
Let b(u) = -1082*u - 8769. Give b(-9).
969
Let h(y) = -129*y**2 - 23349*y + 278. Determine h(-181).
278
Let j(f) = -3501*f + 105044. Calculate j(30).
14
Let k(c) = 12*c**2 + 275*c - 5. Give k(-23).
18
Let z(h) = 16911*h + 287469. What is z(-17)?
-18
Let h(i) = -123630*i + 494517. What is h(4)?
-3
Let s(m) = m**2 - 858*m - 45584. Give s(-49).
-1141
Let o(g) = 5103*g + 76544. What is o(-15)?
-1
Let d(o) = 19107*o + 14483131. Determine d(-758).
25
Let c(g) = 4299*g**2 + 202061*g + 359. What is c(-47)?
-17
Let u(b) = -236*b - 6435. Give u(-22).
-1243
Let m(k) = 2*k**3 - 119*k**2 + 135*k - 4491. What is m(59)?
-7
Let b(l) = -3*l**2 - 456*l - 1419. Give b(-148).
357
Let t(w) = -5*w**3 - 135*w**2 - 66*w - 2001. Calculate t(-27).
-219
Let p(g) = 20405*g + 163238. What is p(-8)?
-2
Let n(q) = -76*q**2 - 453*q + 453. Give n(1).
-76
Let z(j) = -2*j**2 - 85*j - 358. Calculate z(-11).
335
Let a(s) = 1932503*s + 17392533. Give a(-9).
6
Let z(j) = j**2 - 1016*j + 60298. Calculate z(63).
259
Let x(u) = 97*u - 6316. Give x(68).
280
Let z(h) = -h**3 - 432*h**2 + 1727*h - 7409. Determine z(-436).
3
Let p(j) = 32180*j + 868928. Calculate p(-27).
68
Let u(o) = -45*o**2 + 479*o + 5413. Calculate u(-7).
-145
Let m(c) = 6*c**2 - 918*c - 170. Give m(153).
-170
Let b(z) = -196*z**2 + 4897*z + 24523. Calculate b(-5).
-4862
Let i(x) = 5*x**3 - 83*x**2 + 252*x + 265. What is i(12)?
-23
Let p(s) = -3869*s + 46436. Give p(12).
8
Let u(i) = -i**3 + 332*i**2 + 2839*i - 40550. What is u(340)?
-90
Let h(u) = 4938*u + 118509. Determine h(-24).
-3
Let s(k) = -60*k**2 + 192*k + 199. Determine s(4).
7
Let f(x) = 129*x + 3402. Give f(-34).
-984
Let b(x) = 45*x - 596. Give b(5).
-371
Let t(s) = 2*s**2 - 93*s - 2595. What is t(76)?
1889
Let m(a) = 10*a**3 - 1854*a**2 + 741*a - 198. What is m(185)?
-13
Let y(b) = -6107*b - 49467. Calculate y(-8).
-611
Let i(c) = -221025*c - 221003. Determine i(-1).
22
Let x(t) = 2*t**3 + 33*t**2 + 112*t + 2097. Give x(-18).
-891
Let y(v) = -8161*v + 171387. What is y(21)?
6
Let u(c) = -314526*c - 4717905. Determine u(-15).
-15
Let u(s) = -s**3 - 748*s**2 - 810*s - 47076. Determine u(-747).
-15
Let d(t) = 6*t**3 + 119*t**2 - 15*t + 77. What is d(-21)?
-2695
Let y(a) = a**2 + 48*a + 142. Calculate y(-3).
7
Let k(s) = -8*s**2 + 148*s + 5099. Calculate k(-18).
-157
Let s(y) = -y**3 - 2*y**2 - 480112*y - 8. What is s(0)?
-8
Let t(s) = s**3 + 4*s**2 - 114945*s + 114941. Give t(1).
1
Let z(d) = 8*d**2 + 573*d + 10437. Determine z(-17).
3008
Let o(r) = -r**2 - 260*r + 57053. Give o(-401).
512
Let k(n) = -67050*n - 1407964. What is k(-21)?
86
Let s(w) = -25*w**3 + 16577*w**2 - 1325*w - 623. Calculate s(663).
40
Let k(m) = -13*m**2 + 275*m - 295. Calculate k(23).
-847
Let m(k) = -k**2 - 265*k + 4187. Give m(16).
-309
Let j(u) = -u**3 - 347*u**2 + 697*u - 484. Give j(-349).
-135
Let y(t) = -62*t - 1600. Calculate y(-44).
1128
Let n(w) = -3*w**2 - 665*w - 32694. What is n(-147)?
234
Let j(k) = -7007*k + 41830. Give j(6).
-212
Let k(z) = -12*z**2 + 161*z + 1402. What is k(-6)?
4
Let g(k) = 9376*k + 75037. What is g(-8)?
29
Let d(n) = 8263*n + 3982783. Give d(-482).
17
Let t(b) = -b**2 - 5846*b - 1393605. Give t(-249).
48
Let s(g) = g**3 + 102*g**2 + 86*g - 1907. Give s(-101).
-392
Let w(q) = 2*q**3 + 379*q**2 + 1314*q + 2622. Determine w(-186).
390
Let l(v) = -30*v + 579. Calculate l(11).
249
Let n(h) = h**3 + 264*h**2 + 509*h + 64707. Determine n(-263).
9
Let t(m) = -10*m**3 - 481*m**2 + 435*m - 306. What is t(-49)?
-12
Let t(w) = -w**3 - 294*w**2 - 2003*w + 1646. Determine t(-287).
-76
Let x(k) = k**3 - 774*k**2 + 477*k - 970328. What is x(775)?
-28
Let x(o) = 8*o**3 - 1668*o**2 - 2567*o + 9865. Determine x(210).
-5
Let o(f) = -16*f**3 - 2*f**2 + 1166*f + 5843. Determine o(-5).
1963
Let q(y) = y**2 + 77*y + 1098. Calculate q(-59).
36
Let d(j) = -3313*j**3 - 192155*j**2 - 59*j - 111. What is d(-58)?
-53
Let w(c) = -c**2 + 643*c - 14267. Give w(23).
-7
Let g(k) = -2*k**3 - 323*k**2 - 6030*k - 1211. Give g(-140).
189
Let t(z) = 26350*z + 764262. Determine t(-29).
112
Let k(x) = -2678*x - 3016. Give k(-1).
-338
Let d(y) = 7*y**3 + 192*y**2 + 66*y - 14. What is d(-27)?
391
Let f(z) = -6*z**3 - 762*z**2 - 11220*z - 58. Calculate f(-110).
-58
Let x(p) = -63*p**3 + 94*p**2 - 57*p + 49. What is x(1)?
23
Let j(r) = 1246*r**2 + 16204*r + 91. What is j(-13)?
13
Let l(b) = 6*b**3 + 55*b**2 + 321*b + 2795. Determine l(-9).
-13
Let j(v) = v**2 + 1124*v + 130074. Give j(-131).
-9
Let x(d) = d**3 - 208*d**2 + 725*d - 195283. Determine x(209).
-77
Let h(z) = 94*z**2 - 1072*z + 991. What is h(1)?
13
Let z(j) = 647*j - 15338. Calculate z(20).
-2398
Let w(f) = 7*f**2 + 537*f + 543. What is w(-76)?
163
Let p(l) = 3491*l + 104694. Give p(-30).
-36
Let z(i) = 34692*i + 3677332. Calculate z(-106).
-20
Let a(n) = 520*n - 9386. Determine a(21).
1534
Let w(n) = 72*n**2 - 1587*n + 40. 